{"id":325,"date":"2025-05-10T19:13:55","date_gmt":"2025-05-10T17:13:55","guid":{"rendered":"https:\/\/chefsaayaan.com\/?page_id=325"},"modified":"2025-09-29T18:20:22","modified_gmt":"2025-09-29T16:20:22","slug":"consulting","status":"publish","type":"page","link":"https:\/\/chefsaayaan.com\/index.php\/consulting\/","title":{"rendered":"Consulting"},"content":{"rendered":"\t\t<div data-elementor-type=\"wp-page\" data-elementor-id=\"325\" class=\"elementor elementor-325\">\n\t\t\t\t<div class=\"elementor-element elementor-element-2550fc23 e-flex e-con-boxed e-con e-parent\" data-id=\"2550fc23\" data-element_type=\"container\">\n\t\t\t\t\t<div class=\"e-con-inner\">\n\t\t\t\t<div class=\"elementor-element elementor-element-7d1bed71 elementor-widget elementor-widget-video\" data-id=\"7d1bed71\" data-element_type=\"widget\" data-settings=\"{&quot;video_type&quot;:&quot;hosted&quot;,&quot;autoplay&quot;:&quot;yes&quot;,&quot;play_on_mobile&quot;:&quot;yes&quot;,&quot;mute&quot;:&quot;yes&quot;,&quot;loop&quot;:&quot;yes&quot;}\" data-widget_type=\"video.default\">\n\t\t\t\t<div class=\"elementor-widget-container\">\n\t\t\t\t\t\t\t<div class=\"e-hosted-video elementor-wrapper elementor-open-inline\">\n\t\t\t\t\t<video class=\"elementor-video\" src=\"https:\/\/chefsaayaan.com\/wp-content\/uploads\/2025\/07\/ScreenRecording_05-10-2025-26.mov\" autoplay=\"\" loop=\"\" muted=\"muted\" playsinline=\"\" controlsList=\"nodownload\"><\/video>\n\t\t\t\t<\/div>\n\t\t\t\t\t\t<\/div>\n\t\t\t\t<\/div>\n\t\t\t\t\t<\/div>\n\t\t\t\t<\/div>\n\t\t<div class=\"elementor-element elementor-element-7b2f4228 e-flex e-con-boxed e-con e-parent\" data-id=\"7b2f4228\" data-element_type=\"container\">\n\t\t\t\t\t<div class=\"e-con-inner\">\n\t\t<div class=\"elementor-element elementor-element-3c6dd3d4 e-con-full e-flex e-con e-child\" data-id=\"3c6dd3d4\" data-element_type=\"container\">\n\t\t\t\t<div class=\"elementor-element elementor-element-5e259270 elementor-widget elementor-widget-heading\" data-id=\"5e259270\" data-element_type=\"widget\" data-widget_type=\"heading.default\">\n\t\t\t\t<div class=\"elementor-widget-container\">\n\t\t\t\t\t<h1 class=\"elementor-heading-title elementor-size-default\">ORA FARMHOUSE - PARIS<\/h1>\t\t\t\t<\/div>\n\t\t\t\t<\/div>\n\t\t\t\t<div class=\"elementor-element elementor-element-2321996 elementor-widget elementor-widget-text-editor\" data-id=\"2321996\" data-element_type=\"widget\" data-widget_type=\"text-editor.default\">\n\t\t\t\t<div class=\"elementor-widget-container\">\n\t\t\t\t\t\t\t\t\t<p>Dernier n\u00e9 de la famille Ora, Farmhouse est une table unique nich\u00e9e dans le Pavillon du Lac, en plein coeur des Buttes-Chaumont. Imagin\u00e9e par le Chef Saayaan en collaboration avec Entourage, cette adresse offre une exp\u00e9rience culinaire spectaculaire o\u00f9 les plats sont dress\u00e9s \u00e0 m\u00eame la table, comme des oeuvres d&rsquo;art \u00e9ph\u00e9m\u00e8res.\u00a0<\/p><p>La cuisine flexitarienne met \u00e0 l&rsquo;honneur les l\u00e9gumes de saison, tout en proposant des options de viande et de poisson, le tout dans une ambiance festive et conviviale. Entre \u00e9l\u00e9gance rustique et touche florale, on y trouve une table chaleureuse et bienveillante.<\/p>\t\t\t\t\t\t\t\t<\/div>\n\t\t\t\t<\/div>\n\t\t\t\t<\/div>\n\t\t<div class=\"elementor-element elementor-element-80788e0 e-con-full e-flex e-con e-child\" data-id=\"80788e0\" data-element_type=\"container\" data-settings=\"{&quot;background_background&quot;:&quot;classic&quot;}\">\n\t\t\t\t<\/div>\n\t\t\t\t\t<\/div>\n\t\t\t\t<\/div>\n\t\t<div class=\"elementor-element elementor-element-7889c1c4 e-flex e-con-boxed e-con e-parent\" data-id=\"7889c1c4\" data-element_type=\"container\">\n\t\t\t\t\t<div class=\"e-con-inner\">\n\t\t<div class=\"elementor-element elementor-element-2991983a e-con-full e-flex e-con e-child\" data-id=\"2991983a\" data-element_type=\"container\">\n\t\t\t\t<div class=\"elementor-element elementor-element-7a55acda elementor-widget elementor-widget-heading\" data-id=\"7a55acda\" data-element_type=\"widget\" data-widget_type=\"heading.default\">\n\t\t\t\t<div class=\"elementor-widget-container\">\n\t\t\t\t\t<h1 class=\"elementor-heading-title elementor-size-default\">ORA LA CASERNE - PARIS<\/h1>\t\t\t\t<\/div>\n\t\t\t\t<\/div>\n\t\t\t\t<div class=\"elementor-element elementor-element-4ff72145 elementor-widget elementor-widget-text-editor\" data-id=\"4ff72145\" data-element_type=\"widget\" data-widget_type=\"text-editor.default\">\n\t\t\t\t<div class=\"elementor-widget-container\">\n\t\t\t\t\t\t\t\t\t<p>Au coeur de La Caserne, incubateur de mode \u00e9co-responsable, Ora La Caserne \u00e9tait un restaurant festif v\u00e9g\u00e9tarien.<\/p><p>Le Chef Saayaan et Entourage ont donn\u00e9 vie \u00e0 une exp\u00e9rience culinaire unique o\u00f9 les plats \u00e9taient dress\u00e9s directement sur la table, sans assiettes, mettant en valeur des produits de saison dans une ambiance festive et artistique.\u00a0<\/p><p>Tous les midis, une cantine \u00e9thique a \u00e9t\u00e9 cr\u00e9\u00e9e \u00e0 la mani\u00e8re d&rsquo;un \u00ab\u00a0self\u00a0\u00bb moderne et cr\u00e9atif.<\/p><p>Ora La Caserne a ferm\u00e9 ses portes en 2024 pour s&rsquo;installer dans le Parc des Buttes-Chaumont.<\/p>\t\t\t\t\t\t\t\t<\/div>\n\t\t\t\t<\/div>\n\t\t\t\t<\/div>\n\t\t<div class=\"elementor-element elementor-element-6522f012 e-con-full e-flex e-con e-child\" data-id=\"6522f012\" data-element_type=\"container\" data-settings=\"{&quot;background_background&quot;:&quot;classic&quot;}\">\n\t\t\t\t<\/div>\n\t\t\t\t\t<\/div>\n\t\t\t\t<\/div>\n\t\t<div class=\"elementor-element elementor-element-938d4c2 e-flex e-con-boxed e-con e-parent\" data-id=\"938d4c2\" data-element_type=\"container\">\n\t\t\t\t\t<div class=\"e-con-inner\">\n\t\t<div class=\"elementor-element elementor-element-58de3008 e-con-full e-flex e-con e-child\" data-id=\"58de3008\" data-element_type=\"container\">\n\t\t\t\t<div class=\"elementor-element elementor-element-7ff094a elementor-widget elementor-widget-heading\" data-id=\"7ff094a\" data-element_type=\"widget\" data-widget_type=\"heading.default\">\n\t\t\t\t<div class=\"elementor-widget-container\">\n\t\t\t\t\t<h1 class=\"elementor-heading-title elementor-size-default\">MAAYA - ST TROPEZ<\/h1>\t\t\t\t<\/div>\n\t\t\t\t<\/div>\n\t\t\t\t<div class=\"elementor-element elementor-element-7623305c elementor-widget elementor-widget-text-editor\" data-id=\"7623305c\" data-element_type=\"widget\" data-widget_type=\"text-editor.default\">\n\t\t\t\t<div class=\"elementor-widget-container\">\n\t\t\t\t\t\t\t\t\t<p>Le temps d&rsquo;une soir\u00e9e, Maaya s&rsquo;est invit\u00e9 sur les plages mythiques de Pampelonne. Aux c\u00f4t\u00e9s du DJ Themba, figure embl\u00e9matique de la sc\u00e8ne afro-house, le Chef Saayaan a propos\u00e9 une version itin\u00e9rante et spectaculaire des tables audacieuses imagin\u00e9es \u00e0 Cape Town.<\/p><p>Les Trop\u00e9ziens ont ainsi pu d\u00e9couvrir l&rsquo;exp\u00e9rience Maaya par le Chef Saayaan, \u00e0 la crois\u00e9e des sens et des cultures : une performance culinaire en plein air pens\u00e9e pour r\u00e9enchanter le rituel du d\u00eener.\u00a0<\/p>\t\t\t\t\t\t\t\t<\/div>\n\t\t\t\t<\/div>\n\t\t\t\t<\/div>\n\t\t<div class=\"elementor-element elementor-element-37c1ce6 e-con-full e-flex e-con e-child\" data-id=\"37c1ce6\" data-element_type=\"container\" data-settings=\"{&quot;background_background&quot;:&quot;classic&quot;}\">\n\t\t\t\t<\/div>\n\t\t\t\t\t<\/div>\n\t\t\t\t<\/div>\n\t\t<div class=\"elementor-element elementor-element-16f9e66 e-flex e-con-boxed e-con e-parent\" data-id=\"16f9e66\" data-element_type=\"container\">\n\t\t\t\t\t<div class=\"e-con-inner\">\n\t\t<div class=\"elementor-element elementor-element-27b39e7e e-con-full e-flex e-con e-child\" data-id=\"27b39e7e\" data-element_type=\"container\">\n\t\t\t\t<div class=\"elementor-element elementor-element-2c841027 elementor-widget elementor-widget-heading\" data-id=\"2c841027\" data-element_type=\"widget\" data-widget_type=\"heading.default\">\n\t\t\t\t<div class=\"elementor-widget-container\">\n\t\t\t\t\t<h1 class=\"elementor-heading-title elementor-size-default\">MAAYA - CAPE TOWN<\/h1>\t\t\t\t<\/div>\n\t\t\t\t<\/div>\n\t\t\t\t<div class=\"elementor-element elementor-element-1c964b7b elementor-widget elementor-widget-text-editor\" data-id=\"1c964b7b\" data-element_type=\"widget\" data-widget_type=\"text-editor.default\">\n\t\t\t\t<div class=\"elementor-widget-container\">\n\t\t\t\t\t\t\t\t\t<p>Pour Maaya \u00e0 Cape Town, le Chef Saayaan a cr\u00e9\u00e9 une table color\u00e9e et solaire dans un dialogue entre la Provence et le Japon. Il a emprunt\u00e9 des recettes \u00e0 la street food nippone tout en gardant des influences m\u00e9diterran\u00e9ennes.<\/p><p>Dans un esprit festif et audacieux, il s&rsquo;est aventur\u00e9 du c\u00f4t\u00e9 de la \u00ab\u00a0cuisine sauvage\u00a0\u00bb en dressant des tables les pieds dans l&rsquo;oc\u00e9an. Ainsi est n\u00e9e une exp\u00e9rience culinaire totale, sensorielle et immersive.<\/p>\t\t\t\t\t\t\t\t<\/div>\n\t\t\t\t<\/div>\n\t\t\t\t<\/div>\n\t\t<div class=\"elementor-element elementor-element-72519fe6 e-con-full e-flex e-con e-child\" data-id=\"72519fe6\" data-element_type=\"container\" data-settings=\"{&quot;background_background&quot;:&quot;classic&quot;}\">\n\t\t\t\t<\/div>\n\t\t\t\t\t<\/div>\n\t\t\t\t<\/div>\n\t\t<div class=\"elementor-element elementor-element-caa110a e-flex e-con-boxed e-con e-parent\" data-id=\"caa110a\" data-element_type=\"container\">\n\t\t\t\t\t<div class=\"e-con-inner\">\n\t\t<div class=\"elementor-element elementor-element-6fbdbea e-con-full e-flex e-con e-child\" data-id=\"6fbdbea\" data-element_type=\"container\">\n\t\t\t\t<div class=\"elementor-element elementor-element-f5a93e7 elementor-widget elementor-widget-heading\" data-id=\"f5a93e7\" data-element_type=\"widget\" data-widget_type=\"heading.default\">\n\t\t\t\t<div class=\"elementor-widget-container\">\n\t\t\t\t\t<h1 class=\"elementor-heading-title elementor-size-default\">LE JARDIN DU MAS - BIOT<\/h1>\t\t\t\t<\/div>\n\t\t\t\t<\/div>\n\t\t\t\t<div class=\"elementor-element elementor-element-545a0a5 elementor-widget elementor-widget-text-editor\" data-id=\"545a0a5\" data-element_type=\"widget\" data-widget_type=\"text-editor.default\">\n\t\t\t\t<div class=\"elementor-widget-container\">\n\t\t\t\t\t\t\t\t\t<p>Pour son premier restaurant, Le Jardin du Mas, le Chef Saayaan a \u00e9labor\u00e9 une carte succincte et \u00e9volutive. D&rsquo;inspiration proven\u00e7ale, la cuisine se voulait traditionnelle et moderne \u00e0 la fois. Qualifi\u00e9e de \u00ab\u00a0n\u00e9o-proven\u00e7ale\u00a0\u00bb, elle revisitait les recettes de notre enfance avec une touche d&rsquo;innovation et un soup\u00e7on d&rsquo;impertinence.\u00a0<\/p><p>Le restaurant est d\u00e9sormais ferm\u00e9 au public mais l&rsquo;exp\u00e9rience Saayaan reste disponible de mani\u00e8re exclusive dans ce lieu rebaptis\u00e9 \u00ab\u00a0Le Mas des Orangers\u00a0\u00bb .<\/p>\t\t\t\t\t\t\t\t<\/div>\n\t\t\t\t<\/div>\n\t\t\t\t<div class=\"elementor-element elementor-element-c8b894f elementor-align-center elementor-widget elementor-widget-button\" data-id=\"c8b894f\" data-element_type=\"widget\" data-widget_type=\"button.default\">\n\t\t\t\t<div class=\"elementor-widget-container\">\n\t\t\t\t\t\t\t\t\t<div class=\"elementor-button-wrapper\">\n\t\t\t\t\t<a class=\"elementor-button elementor-button-link elementor-size-sm\" href=\"https:\/\/chefsaayaan.com\/index.php\/mas-des-orangers\/\">\n\t\t\t\t\t\t<span class=\"elementor-button-content-wrapper\">\n\t\t\t\t\t\t\t\t\t<span class=\"elementor-button-text\">D\u00e9couvrez le \"Mas des Orangers\" par le Chef Saayaan<\/span>\n\t\t\t\t\t<\/span>\n\t\t\t\t\t<\/a>\n\t\t\t\t<\/div>\n\t\t\t\t\t\t\t\t<\/div>\n\t\t\t\t<\/div>\n\t\t\t\t<\/div>\n\t\t<div class=\"elementor-element elementor-element-95dcd4b e-con-full e-flex e-con e-child\" data-id=\"95dcd4b\" data-element_type=\"container\" data-settings=\"{&quot;background_background&quot;:&quot;classic&quot;}\">\n\t\t\t\t<\/div>\n\t\t\t\t\t<\/div>\n\t\t\t\t<\/div>\n\t\t\t\t<\/div>\n\t\t","protected":false},"excerpt":{"rendered":"<p>https:\/\/chefsaayaan.com\/wp-content\/uploads\/2025\/07\/ScreenRecording_05-10-2025-26.mov ORA FARMHOUSE &#8211; PARIS Dernier n\u00e9 de la famille Ora, Farmhouse est une table unique nich\u00e9e dans le Pavillon [&hellip;]<\/p>\n","protected":false},"author":2,"featured_media":0,"parent":0,"menu_order":0,"comment_status":"closed","ping_status":"closed","template":"","meta":{"site-sidebar-layout":"no-sidebar","site-content-layout":"","ast-site-content-layout":"full-width-container","site-content-style":"default","site-sidebar-style":"default","ast-global-header-display":"","ast-banner-title-visibility":"","ast-main-header-display":"","ast-hfb-above-header-display":"","ast-hfb-below-header-display":"","ast-hfb-mobile-header-display":"","site-post-title":"disabled","ast-breadcrumbs-content":"","ast-featured-img":"disabled","footer-sml-layout":"","theme-transparent-header-meta":"","adv-header-id-meta":"","stick-header-meta":"","header-above-stick-meta":"","header-main-stick-meta":"","header-below-stick-meta":"","astra-migrate-meta-layouts":"default","ast-page-background-enabled":"default","ast-page-background-meta":{"desktop":{"background-color":"var(--ast-global-color-5)","background-image":"","background-repeat":"repeat","background-position":"center center","background-size":"auto","background-attachment":"scroll","background-type":"","background-media":"","overlay-type":"","overlay-color":"","overlay-opacity":"","overlay-gradient":""},"tablet":{"background-color":"","background-image":"","background-repeat":"repeat","background-position":"center center","background-size":"auto","background-attachment":"scroll","background-type":"","background-media":"","overlay-type":"","overlay-color":"","overlay-opacity":"","overlay-gradient":""},"mobile":{"background-color":"","background-image":"","background-repeat":"repeat","background-position":"center center","background-size":"auto","background-attachment":"scroll","background-type":"","background-media":"","overlay-type":"","overlay-color":"","overlay-opacity":"","overlay-gradient":""}},"ast-content-background-meta":{"desktop":{"background-color":"var(--ast-global-color-4)","background-image":"","background-repeat":"repeat","background-position":"center center","background-size":"auto","background-attachment":"scroll","background-type":"","background-media":"","overlay-type":"","overlay-color":"","overlay-opacity":"","overlay-gradient":""},"tablet":{"background-color":"var(--ast-global-color-4)","background-image":"","background-repeat":"repeat","background-position":"center center","background-size":"auto","background-attachment":"scroll","background-type":"","background-media":"","overlay-type":"","overlay-color":"","overlay-opacity":"","overlay-gradient":""},"mobile":{"background-color":"var(--ast-global-color-4)","background-image":"","background-repeat":"repeat","background-position":"center center","background-size":"auto","background-attachment":"scroll","background-type":"","background-media":"","overlay-type":"","overlay-color":"","overlay-opacity":"","overlay-gradient":""}},"footnotes":""},"class_list":["post-325","page","type-page","status-publish","hentry"],"_links":{"self":[{"href":"https:\/\/chefsaayaan.com\/index.php\/wp-json\/wp\/v2\/pages\/325","targetHints":{"allow":["GET"]}}],"collection":[{"href":"https:\/\/chefsaayaan.com\/index.php\/wp-json\/wp\/v2\/pages"}],"about":[{"href":"https:\/\/chefsaayaan.com\/index.php\/wp-json\/wp\/v2\/types\/page"}],"author":[{"embeddable":true,"href":"https:\/\/chefsaayaan.com\/index.php\/wp-json\/wp\/v2\/users\/2"}],"replies":[{"embeddable":true,"href":"https:\/\/chefsaayaan.com\/index.php\/wp-json\/wp\/v2\/comments?post=325"}],"version-history":[{"count":58,"href":"https:\/\/chefsaayaan.com\/index.php\/wp-json\/wp\/v2\/pages\/325\/revisions"}],"predecessor-version":[{"id":1012,"href":"https:\/\/chefsaayaan.com\/index.php\/wp-json\/wp\/v2\/pages\/325\/revisions\/1012"}],"wp:attachment":[{"href":"https:\/\/chefsaayaan.com\/index.php\/wp-json\/wp\/v2\/media?parent=325"}],"curies":[{"name":"wp","href":"https:\/\/api.w.org\/{rel}","templated":true}]}}